p - 3818. Give d(-6).
-452
Let x(w) = -452*w + 2569. Give x(8).
-1047
Let l(d) = -6*d**2 - 32818*d + 262640. What is l(8)?
-288
Let g(j) = 4440*j - 17770. What is g(4)?
-10
Let p(x) = -8*x**3 - 20*x**2 - 326*x + 749. Determine p(2).
-47
Let y(z) = -36*z + 4888. Determine y(138).
-80
Let g(l) = -7*l**3 - 18*l**2 + l - 121. Calculate g(-6).
737
Let i(d) = 127*d - 1619. What is i(17)?
540
Let j(h) = 18*h**2 - 491*h - 268. Calculate j(28).
96
Let y(l) = -2*l**3 - 51*l**2 - 247*l + 407. Calculate y(-7).
323
Let y(a) = -112*a - 8110. What is y(-73)?
66
Let f(k) = 142*k**3 + 50*k**2 - 95*k + 31. Give f(2).
1177
Let m(b) = 2*b**2 + 312*b - 20147. What is m(-205)?
-57
Let f(s) = -5*s**2 - 383*s - 1318. Determine f(-73).
-4
Let n(l) = -l**2 + 40*l + 19015. Give n(-120).
-185
Let r(m) = -97*m - 16923. Calculate r(-172).
-239
Let a(u) = -129914*u - 130088. Calculate a(-1).
-174
Let c(s) = -9*s**3 - 169*s**2 + 47*s - 254. Calculate c(-18).
-3368
Let z(n) = 610*n**2 + 13*n + 17. Give z(-1).
614
Let w(d) = -37*d**2 - 438*d + 555. Give w(-13).
-4
Let y(j) = 104*j**2 + 59*j - 167. Calculate y(1).
-4
Let j(r) = -10*r**3 + 475*r**2 - 248*r - 304. Determine j(47).
-915
Let t(m) = m**2 + 1522*m + 144831. Determine t(-102).
-9
Let v(h) = -3*h**2 - 217*h + 1647. Give v(-79).
67
Let i(o) = -o**3 - 5*o**2 + 29415*o + 1586. Calculate i(-174).
20
Let i(u) = -31989*u - 639777. Give i(-20).
3
Let i(p) = p**3 - 11*p**2 - 327*p - 143. Calculate i(-13).
52
Let m(t) = 960*t - 38414. Determine m(40).
-14
Let v(p) = p**3 - 33*p**2 - p + 23. Calculate v(0).
23
Let b(o) = 2714*o - 168251. Determine b(62).
17
Let z(t) = -t**2 + 250*t + 47478. What is z(376)?
102
Let t(w) = 5305*w + 148543. Calculate t(-28).
3
Let l(s) = -2*s**2 + 508*s - 30252. Determine l(102).
756
Let j(q) = 341*q**2 + 347*q - 350. Give j(1).
338
Let f(j) = 1959*j + 44804. Determine f(-22).
1706
Let w(l) = -31*l**3 + 188*l**2 + 202*l + 16. Calculate w(-1).
33
Let b(a) = -123*a - 2964. What is b(17)?
-5055
Let b(t) = 8618*t - 129292. What is b(15)?
-22
Let q(f) = -114*f**3 - 934*f**2 - 185*f - 47. Calculate q(-8).
25
Let h(y) = -16*y**3 + 7888*y**2 - 15. Give h(493).
-15
Let v(x) = 2*x**2 - 1353*x + 118136. Give v(103).
-5
Let s(v) = v**3 - 91*v**2 + 335*v + 5. Give s(4).
-47
Let n(w) = 8*w**3 - 50*w**2 + 116*w + 90. Calculate n(3).
204
Let s(x) = -14*x**3 - 619*x**2 + 484*x - 515. Calculate s(-45).
-20
Let s(g) = 34*g + 3424. Give s(-98).
92
Let c(a) = -740*a + 516520. Determine c(698).
0
Let s(a) = 51*a**2 - 1107*a + 372. Determine s(21).
-384
Let l(b) = -1460229*b - 7301138. Give l(-5).
7
Let t(j) = j**2 + 915*j - 14952. Calculate t(16).
-56
Let h(p) = 22*p**3 - 185*p**2 + 47*p + 168. Determine h(8).
-32
Let g(w) = w**3 + 64*w**2 + 74*w + 18387. Give g(-67).
-38
Let v(t) = -82*t**2 - 6974*t - 360. Calculate v(-85).
-20
Let w(l) = -25*l**2 - 480*l + 290. Calculate w(-21).
-655
Let z(w) = -4577*w + 663647. Calculate z(145).
-18
Let u(p) = -6388*p - 20056. Give u(-3).
-892
Let s(j) = j**3 + 21*j**2 + 20*j + 33. Give s(-17).
849
Let v(d) = -3*d**3 + 75*d**2 + 147*d - 29. Determine v(27).
-434
Let k(x) = -3932*x - 1781174. Give k(-453).
22
Let q(p) = -1025*p + 66628. Calculate q(65).
3
Let c(h) = -16*h**2 + 613*h - 416. What is c(38)?
-226
Let v(u) = -16*u**2 + 329*u + 225. Calculate v(23).
-672
Let k(s) = 4683*s + 79590. Calculate k(-17).
-21
Let o(b) = -5140*b - 380451. Give o(-74).
-91
Let j(w) = 6*w**2 + 284*w - 38312. What is j(-107)?
-6
Let n(b) = b**2 + 230*b - 59141. Determine n(154).
-5
Let r(s) = 669*s + 95643. Calculate r(-143).
-24
Let x(j) = 164*j + 3169. Determine x(-16).
545
Let n(p) = -3755*p - 525257. Calculate n(-140).
443
Let q(g) = 93638*g - 1029999. Determine q(11).
19
Let b(t) = 29*t**3 - 191*t**2 - 187*t + 1729. What is b(6)?
-5
Let w(i) = -i**3 - 253*i**2 - 99*i - 25072. Determine w(-253).
-25
Let h(j) = -j**3 + 9*j**2 + 116*j - 125. Determine h(-8).
35
Let q(i) = -1671*i - 414398. Give q(-248).
10
Let t(v) = -4*v**3 - 26*v**2 - 99*v - 525. Calculate t(-6).
-3
Let j(w) = -2*w**3 + 5*w**2 + 675*w + 3790. Determine j(-7).
-4
Let o(l) = 4*l**3 + l**2 + 13*l + 12. Give o(4).
336
Let u(h) = 231136*h + 2542503. Give u(-11).
7
Let g(f) = 67*f**2 + 4494*f - 51217. Calculate g(-77).
-12
Let l(n) = -n**2 - 87*n + 784. Determine l(-104).
-984
Let j(y) = y**2 - 63*y + 971. Calculate j(52).
399
Let f(h) = 33304*h + 1865027. Determine f(-56).
3
Let n(u) = -9041*u + 154. What is n(0)?
154
Let p(x) = 5*x**3 + 44*x**2 + 71667*x + 501229. Give p(-7).
1
Let q(w) = 3858*w + 27011. Give q(-7).
5
Let p(h) = h**2 - 866*h - 28673. Give p(-32).
63
Let l(n) = n**2 - 1058*n + 141111. Calculate l(157).
-346
Let u(y) = y**3 - 89*y**2 + 1162*y + 3852. Calculate u(72).
-612
Let q(x) = -315*x**2 + 2135*x + 496. What is q(7)?
6
Let a(b) = -9*b**2 - 558*b + 583. Determine a(-63).
16
Let r(i) = -296*i**2 - 96492*i + 1272. What is r(-326)?
-32
Let l(s) = 545*s - 3355. Calculate l(7).
460
Let h(l) = -1482*l - 127457. Calculate h(-86).
-5
Let w(y) = -4584*y + 8895. What is w(2)?
-273
Let z(j) = -9*j**3 + 7*j**2 - 160*j + 477. Determine z(3).
-183
Let j(n) = -227*n + 3653. Determine j(17).
-206
Let a(w) = 1781*w + 493234. What is a(-277)?
-103
Let p(y) = -y**3 + 207*y**2 - 583*y - 756. Calculate p(204).
5160
Let w(m) = -1377*m - 89432. What is w(-65)?
73
Let d(n) = -n**3 - 51*n**2 + 662*n + 3179. What is d(-61)?
7
Let i(d) = 52423*d + 52545. Determine i(-1).
122
Let j(a) = 244*a + 12235. Determine j(-51).
-209
Let k(j) = 2*j**3 + 67*j**2 - 790*j + 225. Determine k(9).
0
Let h(g) = -10*g**3 - 289*g**2 + 70*g + 1188. Give h(-29).
-1
Let c(r) = 20*r**2 - 380*r - 11. Calculate c(-3).
1309
Let z(g) = 7620*g - 4335792. Determine z(569).
-12
Let c(m) = 9*m**2 - 2399*m + 104642. Calculate c(55).
-78
Let a(x) = 1746*x**2 + 273*x - 19. Calculate a(1).
2000
Let l(h) = 7*h**2 - 119779*h + 119780. What is l(1)?
8
Let x(n) = -2*n**3 - 18*n**2 + 6*n - 52. Determine x(-9).
-106
Let z(d) = -5*d**2 - 824*d + 382. Determine z(-166).
-614
Let x(n) = -4229*n + 148008. What is x(35)?
-7
Let v(f) = -16244*f - 341122. What is v(-21)?
2
Let u(k) = -3660*k + 1965427. What is u(537)?
7
Let d(v) = v**2 - 16153*v + 80734. Determine d(5).
-6
Let b(l) = -l**3 - 696*l**2 - 8208*l - 60. What is b(-684)?
-60
Let j(r) = 3*r**3 + 12*r**2 + 784*r + 4005. Determine j(-5).
10
Let k(o) = -o**2 - 101215*o + 607342. Calculate k(6).
16
Let d(r) = -28*r**2 + 251*r - 442. Calculate d(2).
-52
Let o(x) = -268*x**2 - 249*x + 7. Calculate o(-2).
-567
Let v(s) = -12*s**3 - 132*s**2 - 223*s - 2448. Determine v(-11).
5
Let j(a) = -954*a + 298581. What is j(313)?
-21
Let s(u) = -5*u**3 + 56*u**2 + 15*u - 89. Determine s(9).
937
Let h(z) = 1551*z - 43415. Calculate h(28).
13
Let d(b) = -b**2 - 2917*b - 193698. Give d(-68).
34
Let f(y) = 538*y**3 + 20974*y**2 - 371*y - 2298. Determine f(-39).
3
Let z(u) = -29451*u + 1737601. Give z(59).
-8
Let m(b) = b**2 + 156*b - 17267. What is m(75)?
58
Let m(r) = -r**3 + 76*r**2 - 1252*r + 627. Calculate m(52).
419
Let i(k) = -2*k**3 + 139*k**2 - 1527*k - 1614. Calculate i(15).
6
Let j(z) = 33004*z - 99026. Determine j(3).
-14
Let x(z) = 140591*z + 2249460. Determine x(-16).
4
Let p(l) = 2*l**2 - 21152*l + 211324. Give p(10).
4
Let t(j) = -j**3 - 36*j**2 - 2538*j - 99332. Calculate t(-38).
0
Let m(r) = -6750*r - 46483. Determine m(-7).
767
Let g(d) = 784*d + 73618. Determine g(-94).
-78
Let c(o) = 957816*o - 957821. Calculate c(1).
-5
Let b(l) = -58*l**2 - 8046*l + 2229. Determine b(-139).
5
Let g(j) = 2630*j**2 + 82*j - 10. Give g(0).
-10
Let a(r) = 560*r - 153219. Calculate a(273).
-339
Let i(h) = -25*h**2 + 262*h - 456. Give i(6).
216
Let i(f) = f**3 + 33*f**2 - 10915*f - 360192. Determine i(-33).
3
Let c(x) = 24*x**3 - 1921*x**2 + 59*x + 1720. What is c(80)?
40
Let f(b) = 143*b**3 + 4*b**2 + 262*b + 257. Determine f(-1).
-144
Let c(n) = -n**3 - 56*n**2 + 33*n - 1302. What is c(-57)?
66
Let b(n) = -2*n**3 + 138*n**2 + 61*n + 5590. Determine b(70).
60
Let j(g) = 2*g**3 - 120*g**2 + 26*g - 377. What is j(60)?
1183
Let p(b) = b**3 + 123*b**2 + 3177*b - 460. Determine p(-86).
-30
Let u(b) = -452*b + 21793. Calculate u(41).
3261
Let a(l) = -l**3 - 4*l**2 - 44*l + 798. Calculate a(11).
-1501
Let v(b) = -b**3 + 24*b**2 - 161*b + 73. Calculate v(